s the tens digit of (72/28)/(p/28)?
1
Let p(o) = 2*o**2 + 25*o + 31. Suppose -b + 3*t = 3*b + 65, -56 = 3*b + 5*t. What is the hundreds digit of p(b)?
1
Let j = 67 + -64. Suppose 144 = j*f - 3*v, 0 = 5*f + 3*v - 215 - 9. What is the units digit of f?
6
Let x = -15 - -28. Let f = x + 66. What is the units digit of f?
9
Suppose 0 = 7*l - 3*l - 148. Suppose -n = 2*q + 3*q - 269, -q + 4*n + l = 0. What is the units digit of q?
3
Let m = 3905 + -780. What is the units digit of m?
5
Suppose v = -4*d + 487, -5*d + 2*d - 2366 = -5*v. What is the tens digit of v?
7
Let c be 2/(-12) + 8 + (-752)/96. Let q(m) = -6*m**3 - m**2 - m - 2. Let z be q(-2). Suppose 7*l - z - 40 = c. What is the tens digit of l?
1
Suppose 1336*k - 1350*k + 20230 = 0. What is the tens digit of k?
4
Suppose -2*g + f + 930 = 0, 0 = -g + 4*f - 0*f + 479. What is the hundreds digit of g?
4
Let z(o) = 329*o**3 + o**2 - 6*o + 6. What is the units digit of z(1)?
0
What is the hundreds digit of 1/2*948/1?
4
Suppose -18365 = -24*h + 15619. What is the hundreds digit of h?
4
Suppose -22*i + 71760 = 40. What is the units digit of i?
0
What is the hundreds digit of (20/(-60))/(2/(-15354))?
5
What is the units digit of 5512/10 - 4/(-5)?
2
Let j be (-2 - -9)/(7 + -8). Let q be j/(-42) - 58/(-12). Suppose i = q*i + 3*r - 206, 2*r = 4*i - 196. What is the tens digit of i?
5
Let i(n) = -n - 7. Let u be i(0). Let w = -2 - u. Suppose -j + w = -10. What is the tens digit of j?
1
What is the thousands digit of 91479/66 - (-6)/(-132)?
1
Let d(c) = -10 - 10*c + 11*c + 9 - 2 + 12*c**2. Let n = -2 + 0. What is the tens digit of d(n)?
4
Let p(k) = -k**2 + 9*k - 6. Let b = 21 + -13. Let o be p(b). Suppose -o*d + 7 = -9. What is the units digit of d?
8
Suppose -2*t + 3*p + 182 = -547, 5*t - 1825 = 5*p. Let b = t + -136. What is the tens digit of b?
3
Let z = -10 + 4. Let h be (0 - (-24)/16)*10/(-15). What is the tens digit of (-8 + h)*10/z?
1
Suppose -4*b + 5*h = -7031, -5*b + 12*h - 16*h + 8799 = 0. What is the units digit of b?
9
Let o = -115 + 108. Let m(u) = 3*u**2 + 7*u - 6. What is the units digit of m(o)?
2
Let u(r) = 5*r**2 - 2*r - r + 10*r + 9 - 2*r**2. Let i be u(-4). Let l = i + 10. What is the units digit of l?
9
Let n(v) = -2*v**3 - 8*v**2 - 12*v - 4. Let s be n(-6). Suppose 8*q - 4*q = s. What is the tens digit of q?
5
Suppose 2*t - 584 + 132 = u, 4*t = u + 906. What is the units digit of t?
7
Let u = 119 - 61. Let y = 80 - u. What is the tens digit of y?
2
Let u = -7 - 1. What is the tens digit of 5980/34 + 7/(-476)*u?
7
Let c = 98 - 37. Let m(f) = -14*f**3 + f - 1. Let t be m(1). Let w = c + t. What is the units digit of w?
7
Let y = 42 - 43. Let r(q) = -56*q - 6. What is the tens digit of r(y)?
5
Let a(n) = n**2 + 2*n - 5. Let j be a(-4). Suppose j*c = -u - 2*c + 64, -2*c = u - 58. What is the tens digit of u?
5
Suppose -7 = 2*w + 5*s + 55, -5*s = 10. Let j = 78 + -40. Let b = w + j. What is the tens digit of b?
1
Let g = 63 - 59. Let j(z) = -z**2 - 9*z + 5. Let m be j(-9). Suppose -m*n + g*n + 31 = 0. What is the units digit of n?
1
Let o(u) = u**2 - 3*u + 7. Let g be o(-5). Suppose -v + g = 4*j, v + 5*j - 42 = -0*j. What is the tens digit of v?
6
Let n(x) = 60*x + 13. What is the units digit of n(5)?
3
Let i(k) = k**2 + 7*k - 10. Let r be i(-3). Suppose -3*v - 10 = -160. Let x = v + r. What is the units digit of x?
8
Let u = 2943 - -2277. What is the thousands digit of u?
5
Let r(b) = 206*b + 94. What is the units digit of r(5)?
4
Let p(n) = -12*n - 9. Let i = 56 + -61. What is the tens digit of p(i)?
5
Let q = 2 - 2. Suppose -n - 4*x + 62 = q, -3*n + 4*x = 5*x - 142. What is the tens digit of n?
4
Let b(s) = 2*s**2 + 2*s - 6. Let t be b(6). Let n be (t/(-12))/(2/4). Let z = 19 + n. What is the units digit of z?
6
Let r(t) = -t + 16. Let n be r(13). Suppose n*h + 3*q = 81, 2*q - 3 + 7 = 0. What is the tens digit of h?
2
Let y be (-2)/(-4) + 50/4. Let b = 4 + -5. What is the tens digit of 2*b/((-1)/y)?
2
Let z(f) = -56*f + 4. Suppose q = -0*q + 4*b - 22, -2*q - b + 1 = 0. Let y be z(q). Suppose -y + 16 = -4*m. What is the units digit of m?
5
Let q = -5655 + 10687. What is the hundreds digit of q?
0
Let q = 86 + -7. Suppose 2*l + q - 349 = 0. What is the units digit of l?
5
Suppose 5*n + 3*o = 2175, 3*n - 966 = -2*o + 338. What is the units digit of n?
8
Let p(a) = a**3 + 4*a**2 + a - 1. Let m be p(-4). Let w be (-18)/(-45) - 8/m. Suppose 3*g + 15 = 2*k + 85, -w*g + 47 = -k. What is the units digit of g?
4
Let j(k) = 2*k + 22. Let a be j(10). Let f = 25 - -66. Let z = f - a. What is the units digit of z?
9
Let f(h) = 53*h**3 + 12*h**2 - 36*h + 4. What is the hundreds digit of f(3)?
4
Suppose 20 = -5*n + g - 6*g, 22 = 2*n - 4*g. What is the tens digit of n/8 - 6/(192/(-4700))?
4
Let n be (7 - 3)/(-1) + 5*3. Suppose -7*l + n*l - 12 = 0. What is the units digit of l?
3
Let a(q) = -2*q**3 - 10*q**2 - 19*q + 2. What is the tens digit of a(-4)?
4
Let r(w) be the third derivative of -w**4/4 + 5*w**3/2 - 7*w**2. What is the tens digit of r(-14)?
9
Let u(v) be the first derivative of -v**4/4 - v**3 + 3*v**2 - 6*v - 6. What is the units digit of u(-6)?
6
Suppose 0 = -2*t - 0*t - 4*s + 36, 0 = 4*t + 3*s - 72. Suppose 4*n + 370 = t. Let c = n - -123. What is the tens digit of c?
3
Let p be 0/(4 + 0) + 0. Suppose c - 5 = -p*c. Suppose -c*r = -49 - 16. What is the units digit of r?
3
Let i = 129 + -85. Suppose i + 1315 = 9*t. What is the tens digit of t?
5
Let u = 2693 + -604. What is the hundreds digit of u?
0
Suppose 0 = -5*d - w - 0*w + 25, 0 = -4*w. Suppose -1 = 3*n + 4*r, 3*n - d*r - 9 = -n. What is the units digit of n?
1
Suppose 64*d - 68*d + 7520 = 0. What is the thousands digit of d?
1
Suppose -k + 2 + 0 = 0. Suppose k*z - 86 = z + 4*j, 70 = z + 4*j. Suppose -3*d - 24 = -z. What is the units digit of d?
8
Suppose -3*v - 17*h + 16*h + 3 = 0, -v - 5*h = 13. Let p = -4 + 6. Suppose -3*m - 2*m - v*f + 27 = 0, p*m - 15 = -5*f. What is the units digit of m?
5
Let y be 8/16*(320 - 2). Suppose 7*g = 4*g + y. What is the tens digit of g?
5
Let u = 40 - 35. Suppose u*g - 51 = 59. What is the tens digit of g?
2
Let o be (5/5*-5)/(-1). Suppose 3*f - o*f + 5*y + 393 = 0, 3*f - 4*y = 593. What is the hundreds digit of f?
1
Suppose 31*j - 63936 - 3148 = 0. What is the hundreds digit of j?
1
Let n = -64 - -46. Let g be (16/(-24))/(4/n). Suppose 3 = 3*v, -g*i + 39 = -i + v. What is the tens digit of i?
1
Suppose -10486 = -47*d + 15552. What is the hundreds digit of d?
5
Let g = 1538 + -957. What is the units digit of g?
1
Let l(k) = 3*k + 17. Let x(c) = c**2 + 9*c + 18. Let u be x(-6). What is the tens digit of l(u)?
1
Let m(t) = -12*t - 14. Let g(l) = 4*l**2 - 5*l + 1. Let v be g(2). Let z = v + -13. What is the tens digit of m(z)?
5
Let i(z) = 10*z**2 - 2*z - 1. Let f(y) = -y**2 - y. Let x(a) = -2*f(a) + i(a). Let k be x(-1). Let c = -10 + k. What is the units digit of c?
1
Suppose -a - 10 = -6*a. Suppose 135 = -a*x + 5*x. Suppose 4*k - 11 = x. What is the tens digit of k?
1
Suppose -3303 = -2*y - 5*h, h - 31 = -26. What is the units digit of y?
9
Suppose 0*n + 30 = 5*p + 5*n, -p + 4*n - 9 = 0. Suppose -s = p*s - 2*v - 514, 123 = s + 5*v. What is the units digit of s?
8
Suppose 20 = -8*o + 4*o. Let j = o + 6. What is the units digit of (j - 15/9)*-21?
4
Let f(q) = q**3 - 6*q**2 + 2*q - 8. Let r = -19 - -25. Let w be f(r). Suppose 5*m - 2 = -2*x + 35, -w*m - 25 = -x. What is the units digit of x?
1
Suppose -31*k = -27*k - 56. Suppose k*c = 17*c + 15. Let s(j) = -j - 2. What is the units digit of s(c)?
3
Let d = -56 - -138. Let s = d - 61. What is the tens digit of s?
2
Let n = 21 + -19. Suppose -n*t + 13 = 5. Suppose 5*a - h = 231, -t*a + 5*h + 0*h + 189 = 0. What is the units digit of a?
6
Let x = 1235 + -699. Suppose -4*w = -108 - x. What is the units digit of w?
1
What is the tens digit of (-2174)/(-6) - 15/(50 - 5)?
6
Suppose -3*d + 1213 = 2*d + j, -4 = 2*j. Suppose -3*p + d = 3*u, -u = -6*u + 3*p + 389. What is the tens digit of u?
7
Suppose 5*m - 2*n + 34 = 0, -3*n + 23 = -2*m - 2*m. Let d be 220/m + 2/(-4). What is the units digit of 6 - 4 - 6 - d?
4
Let o be 448/(-3) - 4/6. Let z = -94 - o. What is the tens digit of z?
5
Suppose -2*z + 4*y - 8 = -0*y, -3*z - 4*y + 38 = 0. Suppose -g = 2*g - z. Supp